ime?
False
Suppose 33*i + 17076 = 37*i - 2*t, 3*i - 3*t - 12813 = 0. Is i composite?
True
Let t = -325 - -310. Is 96/(-720) - 359567/t composite?
False
Let r be 3 + 0/(-5) + 0. Let a(q) = 21*q**3 + 3*q**2 - 2. Let y be a(r). Suppose -2*z - 3*s + 584 = 2*z, 4*z + s - y = 0. Is z composite?
False
Let h be (-1 + 2)*(-18)/(-3). Let o be ((-6)/(-4))/(h/(-12)). Is (-142*12/8)/o a prime number?
True
Suppose 3*v = 6*v - 12. Suppose -v*z = 20, 441 = 3*u + 2*z + 130. Let f = u + -33. Is f composite?
True
Let x(g) = -g**3 - 27*g**2 + 28*g + 4. Let y be x(-28). Let k be 0/((-2)/(y*2/8)). Suppose k*z - 5*w - 3109 = -4*z, -w - 1559 = -2*z. Is z a prime number?
False
Let x(u) = -10*u - 27. Let t(i) = 5*i - 2. Let g be t(0). Let d be x(g). Is -1*(15265/d + (-30)/105) a composite number?
True
Let n be (-20)/(-16) + 133/(-4). Let o = 447 + n. Is o composite?
True
Let z(k) = 2*k - 25. Let a be z(15). Suppose a*y = -5*l - 3 + 18, 2*l = -4*y + 2. Suppose 6*v - b = 4*v + 3017, l*v - 5*b - 7530 = 0. Is v a composite number?
False
Suppose -13279520 = -2*l - 158*l. Is l a prime number?
True
Suppose 2*p + 0*a - 88 = 4*a, 2*p - 85 = a. Suppose 4*i = -5*o + 872, -2*i = 4*o - 388 - p. Is i a prime number?
True
Let r be (-1)/((2 + -5)/(-39)). Let q(t) = -14*t + 0*t**3 + 16 - 21*t**2 - 3*t**3 + 2*t**2 + 3*t**3 - 2*t**3. Is q(r) a prime number?
True
Suppose 14*d - 11*d + 3 = 0, r - 103408 = d. Is r prime?
False
Let q(g) = 35*g - 5. Let n(l) = -34*l + 4. Let f(u) = 4*n(u) + 3*q(u). Let s be f(-1). Let c = -13 + s. Is c prime?
True
Let f = 636 - 306. Let t = 12 + -7. Suppose r + f - 1401 = -t*l, 0 = -2*r + 5*l + 2112. Is r a prime number?
True
Is 1466871/14*14/21 composite?
True
Let o be (898/4)/((-55)/(-10) - 5). Is o/3 + (-70)/105 a composite number?
False
Let c(x) = -3*x - 1. Let h be c(-2). Suppose -4*q + 110 = -v, 2*v + 0*v = h*q - 136. Let l = 35 - q. Is l composite?
False
Let w = -47 + 53. Suppose 0 = -4*t + w*c - 2*c + 9168, -3*t = 4*c - 6883. Is t prime?
True
Let o = -336 - -341. Suppose -u + 72 = o*p, -6*u - 3*p = -2*u - 254. Is u composite?
True
Let w be ((-20)/(-4))/((-2)/(-1434)). Suppose -4*o - 5*j = -17, 4 = 2*o - 4*j + 2. Suppose -2*a = o*a - w. Is a a composite number?
True
Let t(u) = u**2 + 5*u - 21. Let o be t(11). Suppose 4 = 2*g, -4*n = -g + o - 6989. Is n prime?
True
Suppose -4*q + 4*w = 0, 4*q - 5*w = -0*q - 1. Let f(a) = 792*a**3 - a**2 - 5*a + 5. Is f(q) composite?
True
Let j(n) = -67132*n - 3929. Is j(-4) a prime number?
True
Suppose 4*z + 3*l - 891 = 687034, -2*z - 2*l + 343962 = 0. Is z a prime number?
False
Is -8 + (5935 - 8/(-28)*-14) a composite number?
False
Let b = 569 + 4084. Suppose 5*t + 2*k = b, -3*t - 4*k + 2795 = -2*k. Is t composite?
False
Suppose -5*c + 8*r - 6*r + 921193 = 0, -5*r + 921235 = 5*c. Is c a composite number?
False
Suppose -381550 = -2*n + 4*o, 132*n - 190745 = 131*n - 3*o. Is n composite?
False
Is ((-5)/35)/((-7)/5 + 52945488/37818270) composite?
False
Let k be 18*(32/3)/((-10)/(-140)). Suppose 0*d - 4*d - i = -k, i = -4. Is d a prime number?
True
Let i = 47 + -35. Suppose -15 = -5*v - 4*k, 2*v - i = -2*v - 4*k. Suppose 2*m = 5*m + 4*n - 2241, -2*m + v*n + 1511 = 0. Is m composite?
False
Is -2 - 2 - (3 - 67963) - (-9 - -14) composite?
True
Suppose d = -4*h + 287861, -d - 3*d + 2*h + 1151426 = 0. Is d a composite number?
False
Let z(f) = 10*f**3 - 6*f**2 + 73*f - 4. Let n be z(7). Let p = n - 2054. Is p prime?
False
Let q(p) = -204*p**3 - p**2 - p + 1. Let t(a) = 3 - 25*a + 22*a - 1. Let k be t(1). Is q(k) prime?
False
Let x = -166 - -166. Suppose -f + 5*u + 2 = -269, x = -2*f - u + 542. Is f composite?
False
Let s(w) = 4587*w**2 - w + 1. Suppose 12*q + 34 = -22*q. Is s(q) composite?
True
Let t be (-3)/4 + 23/4. Suppose 7 = -5*s - 4*g + 32, 0 = t*s - 2*g + 5. Is s/3 + (-23352)/(-36) composite?
True
Suppose -7*o = g - 167806 - 113069, 0 = 4*g + 3*o - 1123600. Is g a composite number?
True
Let i = -84983 + 119116. Let t = 51874 - i. Is t prime?
False
Is (2/(-10) - 76/20) + (188358 - -5) a composite number?
False
Let v(p) = 18*p - 2697. Let d(z) = 6*z - 899. Suppose -5 - 7 = 2*u. Let i(b) = u*v(b) + 17*d(b). Is i(0) prime?
False
Let y(d) = 6*d**2 + 5 - 3*d**2 - 6*d - 2*d**2. Let g be y(5). Suppose -5*a = 4*w - 2*w - 1077, g = -4*w - 4*a + 2184. Is w a prime number?
False
Is 95222/16 + (-1 - 45/(-72)) composite?
True
Suppose 2*f - 15528 - 8044 = 0. Suppose -d + f = 5*q - 4*d, -2353 = -q + 2*d. Is q composite?
True
Suppose 0 = -14*r - 5*r + 177707. Is r a prime number?
False
Suppose -6 - 2 = n. Let b be n/(-3)*(-33)/(-22). Let o(i) = 6*i**2 + i + 11. Is o(b) a composite number?
True
Suppose -3*x = -w - 8802, -50*x = -48*x + 2*w - 5860. Is x composite?
True
Suppose 3*q = h + 2*h - 33, 0 = -4*h - 2*q + 14. Let i(w) = 3*w**3 - 10*w**2 + 4*w + 19. Is i(h) a composite number?
False
Let m(y) = 17504*y - 111. Is m(2) a prime number?
True
Let f = 66872 + -26030. Suppose r - 7*r = -f. Is r/7 + 16/28 a prime number?
False
Let u(o) be the first derivative of -o**4/4 + 11*o**3/3 + 7*o**2 - 2*o + 375. Suppose 0 = -x - 0*x + 12. Is u(x) a composite number?
True
Let b(x) = -10205*x**3 + 2*x**2 - 25 + 10218*x**3 - 22*x**2 + 31*x. Is b(12) composite?
True
Let s be 3 + -2*2/4 - 6. Let z(p) = p**2 + 6*p + 12. Let n be z(s). Suppose -90 = n*c - 4358. Is c a composite number?
True
Is 35/21*-6 + 53171 a prime number?
True
Let u(a) = 23*a**3 - 11*a**2 + 31. Let i(s) = -s**3 + s**2 - s - 1. Let o(j) = -2*i(j) - u(j). Is o(-8) prime?
False
Let r(x) = -22170*x - 1609. Is r(-10) a prime number?
False
Is ((-128664)/(-90))/((-3)/15)*14/(-8) prime?
False
Let r be (5 - 3546/27)/(2/(-24)). Suppose 5*y = y + r. Is y a composite number?
False
Suppose 2*b + u = 240843, -183*u + 188*u - 5 = 0. Is b a prime number?
False
Suppose -2*g - 39 = -5*g. Let r = -5 + g. Suppose 4*w - 3*v = -0*v + 572, 2*v - r = 0. Is w a composite number?
True
Suppose -5*j + 22 = 7. Let f be 5217 + 5/(j + 2). Suppose -1617 = -5*w + f. Is w a prime number?
True
Suppose 5*w + h = 32345, 96*h - 91*h - 6469 = -w. Is w a composite number?
False
Let w(g) = -126*g - 17. Let j be w(3). Let x = j - -608. Is x a prime number?
False
Let a(p) = -p + 9. Let h be a(4). Suppose 3*u - 2879 = -4*x - 418, -h*x = -2*u - 3082. Suppose -s + 129 = -x. Is s a composite number?
True
Let a(n) = n**3 - 7*n**2 - 10*n + 16. Let p be a(8). Suppose -45*l + 1210725 = -p*l. Is l composite?
True
Let q = 50 - 61. Let z(h) be the third derivative of h**5/30 + h**4/3 - 11*h**3/6 - 7*h**2. Is z(q) a prime number?
False
Let p = 151 + -3. Suppose -140*m = -p*m + 5392. Is m composite?
True
Suppose 34*g = -17*g + 315 + 39822. Is g a composite number?
False
Suppose -32*r + 689805 = -1375315. Is r a composite number?
True
Suppose -6*n + 2*n = -4*v + 80, -5*v + 54 = -3*n. Let t = 56 - n. Is t prime?
True
Suppose -5*x + 5*u = -74605, -13 + 7 = -3*u. Is x a composite number?
False
Suppose 5*m + 4 = 14. Let x = m - 0. Suppose -4*j = -2*h - 1576 - 7378, x*j = -4*h + 4462. Is j prime?
True
Let l(v) = 1371*v**2 - 93*v + 979. Is l(11) a prime number?
False
Let o(j) = 2*j**2 + 12*j**2 - 9 - 4*j**2 + 8*j + 2*j**2 + 4*j**2. Suppose -m - 24 = 2*m. Is o(m) composite?
True
Let g = 37634 - -165. Is g a composite number?
False
Let r = 656655 + -453190. Is r a prime number?
False
Let s = -2939 - 2824. Let b be (570/(-4) - (-21 - -25))*-58. Let p = b + s. Is p prime?
False
Let y = -183 - -186. Suppose -4*f + 4571 = b, y*f - 9167 = b - 3*b. Is b prime?
True
Let h = -774 - -3673. Suppose -5*t + 2*g = -14535, -2*t = -t - 2*g - h. Is t composite?
False
Let p be 9/(-6)*(48 - -2). Let q = p + 85. Is (7045/q)/((-3)/(-6)) prime?
True
Suppose -132*y - 1579376 = -71*y - 69*y. Is y composite?
True
Is (-1)/(3/(-10))*3/(-2) + 4746 composite?
True
Let q(w) = 55*w**2 - 42*w + 7 + 16 - 50*w**2. Let a(u) = 3*u**2 - 21*u + 11. Let y(l) = 5*a(l) - 2*q(l). Is y(16) prime?
True
Is 429/(-26)*15452/(-6) composite?
True
Let w be (-1 + 5/(-3))*45/(-20). Suppose 0 = -5*l + 2*y + 22, 5*y - w = -3*l + 32. Is 144 - ((-6)/36)/((-1)/l) a prime number?
False
Let s(l) = 680*l**2 + 14*l. Let v be s(4). Suppose d + 533 - v = 0. Is d a prime number?
False
Let a = 21079 + -13278. Is a a composite number?
True
Suppose 0*f = 2*f + 26. Let m be (1 - (f + -1))*1. Is ((-1948)/(-10))/(6